{"id":4191,"date":"2021-05-04T11:49:50","date_gmt":"2021-05-04T09:49:50","guid":{"rendered":"http:\/\/www.pucciufficio.com\/?page_id=4191"},"modified":"2021-07-07T15:53:48","modified_gmt":"2021-07-07T13:53:48","slug":"ambienti-virtualizzati","status":"publish","type":"page","link":"https:\/\/www.pucciufficio.com\/?page_id=4191","title":{"rendered":"Ambienti Virtualizzati"},"content":{"rendered":"\n<h4 class=\"wp-block-heading\" style=\"text-align:center\">La\u00a0<strong>virtualizzazione\u00a0<\/strong>\u00e8 una tecnologia che consente di creare servizi IT utili, sfruttando risorse tradizionalmente vincolate all\u2019hardware. Ti consente di mettere in pratica tutte le capacit\u00e0 di una macchina fisica, distribuendo le funzionalit\u00e0 tra pi\u00f9 utenti o ambienti.<\/h4>\n\n\n\n<p style=\"color:#ffffff\">\u2014\u2014\u2014-<\/p>\n\n\n\n<hr class=\"wp-block-separator\"\/>\n\n\n\n<h4 class=\"wp-block-heading\" style=\"text-align:center\">Noi di Pucciufficio offriamo\u00a0<strong>supporto e consulenza nella virtualizzazione<\/strong>, ovvero nel passaggio da soluzioni fisiche ad ambienti virtuali che consentano di razionalizzare l\u2019infrastruttura IT.<\/h4>\n\n\n\n<hr class=\"wp-block-separator\"\/>\n\n\n\n<p style=\"color:#ffffff\">&#8212;&#8212;&#8212;<\/p>\n\n\n\n<div class=\"wp-block-image\">\r\n<figure class=\"alignright\"><img loading=\"lazy\" decoding=\"async\" class=\"alignnone wp-image-4192\" src=\"http:\/\/www.pucciufficio.com\/wp-content\/uploads\/2021\/05\/P4230495-225x300-1.jpg\" alt=\"iperconvergenza iper convergenza digital digitalizzazione pucciufficio sistemi integrati progetti soluzioni tech tecnologia informatica \" width=\"225\" height=\"300\" \/><\/figure>\r\n<\/div>\n\n\n\n<h4 class=\"wp-block-heading\" style=\"text-align:left\">Lo scopo \u00e8 il consolidamento dei server, dal punto di vista logico e delle applicazioni, oltre dal punto di vista fisico.<\/h4>\n\n\n\n<h4 class=\"wp-block-heading\" style=\"text-align:left\">\u00c8 il modo pi\u00f9 efficace per ridurre le spese IT, aumentando al tempo stesso l\u2019efficienza e l\u2019agilit\u00e0 per le aziende di qualsiasi dimensione.<\/h4>\n\n\n\n<p style=\"color:#ffffff\">&#8212;&#8212;&#8212;<\/p>\n\n\n\n<p class=\"has-regular-font-size has-very-dark-gray-color\">I principali\u00a0<strong>vantaggi<\/strong>\u00a0comprendono:<\/p>\n\n\n\n<p class=\"has-regular-font-size has-very-dark-gray-color\">&#8211; IT pi\u00f9 efficiente,<\/p>\n\n\n\n<p class=\"has-regular-font-size has-very-dark-gray-color\">&#8211; Riduzione dei costi operativi,<\/p>\n\n\n\n<p class=\"has-regular-font-size has-very-dark-gray-color\">&#8211; Deployment dei carichi di lavoro pi\u00f9 veloce,<\/p>\n\n\n\n<p class=\"has-regular-font-size has-very-dark-gray-color\">&#8211; Aumento delle prestazioni delle applicazioni,<\/p>\n\n\n\n<p class=\"has-regular-font-size has-very-dark-gray-color\">&#8211; Maggiore disponibilit\u00e0 dei server,<\/p>\n\n\n\n<p class=\"has-regular-font-size has-very-dark-gray-color\">&#8211; Eliminazione della proliferazione dei server e della complessit\u00e0.<\/p>\n\n\n\n<p style=\"color:#ffffff\">&#8212;-<\/p>\n\n\n\n<hr class=\"wp-block-separator\"\/>\n\n\n\n<p>\u00a0<\/p>\n\n\n\n<h4 class=\"wp-block-heading\" style=\"text-align:center\"><strong>Per maggiori informazioni contattaci o\u00a0<\/strong><strong>vieni a trovarci.<\/strong><\/h4>\n\n\n\n<h4 class=\"wp-block-heading\" style=\"text-align:center\">Tel. 075505921<\/h4>\n\n\n\n<h4 class=\"wp-block-heading\" style=\"text-align:center\">Via A.Barteri 8, 06128 Perugia<\/h4>\n","protected":false},"excerpt":{"rendered":"<p>La\u00a0virtualizzazione\u00a0\u00e8 una tecnologia che consente di creare servizi IT utili, sfruttando risorse tradizionalmente vincolate all\u2019hardware. Ti consente di mettere in pratica tutte le capacit\u00e0 di una macchina fisica, distribuendo le funzionalit\u00e0 tra pi\u00f9 utenti o ambienti. \u2014\u2014\u2014- Noi di Pucciufficio offriamo\u00a0supporto e consulenza nella virtualizzazione, ovvero nel passaggio da soluzioni fisiche ad ambienti virtuali che [&hellip;]<\/p>\n","protected":false},"author":7,"featured_media":0,"parent":0,"menu_order":0,"comment_status":"closed","ping_status":"closed","template":"","meta":{"footnotes":""},"_links":{"self":[{"href":"https:\/\/www.pucciufficio.com\/index.php?rest_route=\/wp\/v2\/pages\/4191"}],"collection":[{"href":"https:\/\/www.pucciufficio.com\/index.php?rest_route=\/wp\/v2\/pages"}],"about":[{"href":"https:\/\/www.pucciufficio.com\/index.php?rest_route=\/wp\/v2\/types\/page"}],"author":[{"embeddable":true,"href":"https:\/\/www.pucciufficio.com\/index.php?rest_route=\/wp\/v2\/users\/7"}],"replies":[{"embeddable":true,"href":"https:\/\/www.pucciufficio.com\/index.php?rest_route=%2Fwp%2Fv2%2Fcomments&post=4191"}],"version-history":[{"count":0,"href":"https:\/\/www.pucciufficio.com\/index.php?rest_route=\/wp\/v2\/pages\/4191\/revisions"}],"wp:attachment":[{"href":"https:\/\/www.pucciufficio.com\/index.php?rest_route=%2Fwp%2Fv2%2Fmedia&parent=4191"}],"curies":[{"name":"wp","href":"https:\/\/api.w.org\/{rel}","templated":true}]}}