{"id":5075,"date":"2021-06-10T10:58:47","date_gmt":"2021-06-10T08:58:47","guid":{"rendered":"http:\/\/www.pucciufficio.com\/?page_id=5075"},"modified":"2021-07-07T16:01:40","modified_gmt":"2021-07-07T14:01:40","slug":"printing","status":"publish","type":"page","link":"https:\/\/www.pucciufficio.com\/?page_id=5075","title":{"rendered":"Printing"},"content":{"rendered":"\r\n<h4 style=\"text-align: center;\"><span style=\"color: #000000;\">Quello della stampa \u00e8 un processo molto antico, ma che giorno dopo giorno si aggiorna ed evolve, restando parte essenziale del sistema di un\u2019impresa.<\/span><\/h4>\r\n<p>&nbsp;<\/p>\r\n<p>\r\n\r\n<\/p>\r\n<h2 class=\"wp-block-heading\" style=\"text-align: center;\"><span style=\"color: #000000;\">Noi di Pucciufficio offriamo le migliori soluzioni in materia, collaborando con 2 partner molto celebri: <strong>Epson e Lexmark<\/strong>.<\/span><\/h2>\r\n<p>\r\n\r\n<\/p>\r\n<div class=\"wp-block-image\">\r\n<figure class=\"alignright is-resized\"><a href=\"http:\/\/www.pucciufficio.com\/?page_id=4256\"><img loading=\"lazy\" decoding=\"async\" class=\"wp-image-5554\" src=\"http:\/\/www.pucciufficio.com\/wp-content\/uploads\/2021\/06\/1200px-Lexmark-logo.svg_-1.png\" alt=\"stampanti\r\nstampa\r\nperugia\r\nscopri\r\nnegozi\r\nstampanti a\r\nnegozi stampanti\r\nnegozi stampanti a\r\nprodotti\r\nepson\r\ndpi\r\nscansione\r\nstampante\r\ncolori\r\nufficio\r\nassistenza\r\ninkjet\r\na colori\r\nwi-fi\r\nstampato\r\nsamsung\r\nmacchine\r\nppm\r\ntoner\r\nvendita\r\nmultifunzione\r\nnegozio\r\nnoleggio\r\nmacchine ufficio\r\naziende\r\nriparazione\r\nlaser\r\nfogli\r\ncopia\r\nrecensione macchine\r\nrecensione macchine ufficio\r\nuna recensione macchine ufficio\r\nstampato in\r\na perugia\r\ncartucce\r\nad inchiostro\r\ncolori risoluzione\r\na colori risoluzione\r\nsoftware\r\naccessori\r\npunti vendita\" width=\"335\" height=\"67\" srcset=\"https:\/\/www.pucciufficio.com\/wp-content\/uploads\/2021\/06\/1200px-Lexmark-logo.svg_-1.png 1200w, https:\/\/www.pucciufficio.com\/wp-content\/uploads\/2021\/06\/1200px-Lexmark-logo.svg_-1-300x60.png 300w, https:\/\/www.pucciufficio.com\/wp-content\/uploads\/2021\/06\/1200px-Lexmark-logo.svg_-1-768x154.png 768w, https:\/\/www.pucciufficio.com\/wp-content\/uploads\/2021\/06\/1200px-Lexmark-logo.svg_-1-1024x205.png 1024w\" sizes=\"(max-width: 335px) 100vw, 335px\" \/><\/a><\/figure>\r\n<\/div>\r\n<p>\r\n\r\n<\/p>\r\n<div class=\"wp-block-image\">\r\n<figure class=\"alignleft is-resized\"><a href=\"http:\/\/www.pucciufficio.com\/?page_id=4258\"><img loading=\"lazy\" decoding=\"async\" class=\"wp-image-5084\" src=\"http:\/\/www.pucciufficio.com\/wp-content\/uploads\/2021\/06\/Progetto-senza-titolo-6.png\" alt=\"stampanti\r\nstampa\r\nperugia\r\nscopri\r\nnegozi\r\nstampanti a\r\nnegozi stampanti\r\nnegozi stampanti a\r\nprodotti\r\nepson\r\ndpi\r\nscansione\r\nstampante\r\ncolori\r\nufficio\r\nassistenza\r\ninkjet\r\na colori\r\nwi-fi\r\nstampato\r\nsamsung\r\nmacchine\r\nppm\r\ntoner\r\nvendita\r\nmultifunzione\r\nnegozio\r\nnoleggio\r\nmacchine ufficio\r\naziende\r\nriparazione\r\nlaser\r\nfogli\r\ncopia\r\nrecensione macchine\r\nrecensione macchine ufficio\r\nuna recensione macchine ufficio\r\nstampato in\r\na perugia\r\ncartucce\r\nad inchiostro\r\ncolori risoluzione\r\na colori risoluzione\r\nsoftware\r\naccessori\r\npunti vendita\" width=\"278\" height=\"114\" srcset=\"https:\/\/www.pucciufficio.com\/wp-content\/uploads\/2021\/06\/Progetto-senza-titolo-6.png 1080w, https:\/\/www.pucciufficio.com\/wp-content\/uploads\/2021\/06\/Progetto-senza-titolo-6-300x124.png 300w, https:\/\/www.pucciufficio.com\/wp-content\/uploads\/2021\/06\/Progetto-senza-titolo-6-768x317.png 768w, https:\/\/www.pucciufficio.com\/wp-content\/uploads\/2021\/06\/Progetto-senza-titolo-6-1024x423.png 1024w\" sizes=\"(max-width: 278px) 100vw, 278px\" \/><\/a><\/figure>\r\n<\/div>\r\n<p>\r\n\r\n<\/p>\r\n<p style=\"color: #ffffff;\">&#8212;<\/p>\r\n<p>\r\n\r\n<\/p>\r\n<p style=\"color: #ffffff;\">&#8212;<\/p>\r\n<p>\r\n\r\n<\/p>\r\n<p style=\"color: #ffffff; font-size: 12px;\">&#8212;<\/p>\r\n<p>\r\n\r\n<\/p>\r\n<p style=\"color: #ffffff; font-size: 12px;\">&#8212;<\/p>\r\n<p>\r\n\r\n<\/p>\r\n<h3 class=\"wp-block-heading\" style=\"text-align: center;\"><span style=\"color: #000000;\">Mettiamo a disposizione, quindi, due tecnologie differenti tra cui scegliere:<\/span><\/h3>\r\n<p><span style=\"color: #000000;\"> \r\n\r\n <\/span><\/p>\r\n<h3 class=\"wp-block-heading\" style=\"text-align: center;\"><span style=\"color: #000000;\"><strong><a style=\"color: #000000;\" href=\"http:\/\/www.pucciufficio.com\/?page_id=4256\">LASER\u00a0<\/a><\/strong>O <strong><a style=\"color: #000000;\" href=\"http:\/\/www.pucciufficio.com\/?page_id=4258\">GETTO D&#8217;INCHIOSTRO<\/a><\/strong>.<\/span><\/h3>\r\n<p>\r\n\r\n<\/p>\r\n<hr class=\"wp-block-separator\" \/>\r\n<p>\r\n\r\n<\/p>\r\n<p style=\"color: #ffffff;\">&#8212;<\/p>\r\n<p>\r\n\r\n<\/p>\r\n<h4 class=\"wp-block-heading\" style=\"text-align: center;\"><span style=\"color: #000000;\">La <strong>libert\u00e0 del cliente<\/strong> sulla strada da prendere \u00e8 quindi elevata:<\/span><\/h4>\r\n<p>&nbsp;<\/p>\r\n<p><span style=\"color: #000000;\"> \r\n\r\n <\/span><\/p>\r\n<ul>\r\n<li style=\"text-align: left;\"><span style=\"color: #000000;\">Tecnologia di stampa (laser o inkjet),<\/span><span style=\"color: #000000;\"> \r\n\r\n <\/span><\/li>\r\n<li style=\"text-align: left;\"><span style=\"color: #000000;\">Modalit\u00e0 d&#8217;acquisizione (noleggio o acquisto),<\/span><span style=\"color: #000000;\"> \r\n\r\n <\/span><\/li>\r\n<li style=\"text-align: left;\"><span style=\"color: #000000;\">Spesa da sostenere,<\/span><span style=\"color: #000000;\"> \r\n\r\n <\/span><\/li>\r\n<li style=\"text-align: left;\"><span style=\"color: #000000;\">Caratteristiche tecniche della stampante (Multifunzione, monofunzione, B\/N, colore ecc.)<\/span><\/li>\r\n<\/ul>\r\n<p>\r\n\r\n<\/p>\r\n<p style=\"color: #ffffff;\">&#8212;<\/p>\r\n<p>\r\n\r\n<\/p>\r\n<h3 class=\"wp-block-heading\" style=\"text-align: center;\"><span style=\"color: #000000;\">Acquistare o noleggiare una stampante\u00a0<strong>multifunzione<\/strong>\u00a0\u00e8 oggi il modo pi\u00f9 comodo, conveniente ed efficiente per riuscire a portare a termine qualsiasi esigenza in ambito printing.<\/span><\/h3>\r\n<p>\r\n\r\n<\/p>\r\n<p>\r\n\r\n<\/p>\r\n<h3 class=\"wp-block-heading\" style=\"text-align: center;\"><span style=\"color: #000000;\">Un unico prodotto\u00a0detto all-in-one che permette di avere a disposizione, in un unico hardware, tante funzioni: dalla stampa alla scansione, dal fax alla copia.<\/span><\/h3>\r\n<p>\r\n\r\n<\/p>\r\n<p style=\"color: #ffffff; font-size: 12px;\">&#8212;<\/p>\r\n<p>\r\n\r\n<\/p>\r\n<div class=\"wp-block-button aligncenter\"><a class=\"wp-block-button__link has-background\" style=\"background-color: #14007e;\" href=\"http:\/\/www.pucciufficio.com\/?page_id=5060\">MAGGIORI DETTAGLI SULLE MULTIFUNZIONE<\/a><\/div>\r\n<p>\r\n\r\n<\/p>\r\n<p style=\"color: #ffffff;\">&#8212;<\/p>\r\n<p>\r\n\r\n<\/p>\r\n<p class=\"has-regular-font-size has-very-dark-gray-color\" style=\"text-align: center;\"><span style=\"color: #000000;\">Puoi scegliere anche di risparmiare senza rinunciare all\u2019operativit\u00e0, grazie alla nostra sezione del <a style=\"color: #000000;\" href=\"http:\/\/www.pucciufficio.com\/?page_id=5293\"><strong>RICONDIZIONATO<\/strong><\/a>: macchine come nuove che possono permettere, a chi le acquista, di beneficiare di un grande vantaggio sul prezzo finale.<\/span><\/p>\r\n<p>\r\n\r\n<\/p>\r\n<hr class=\"wp-block-separator\" \/>\r\n<p>\r\n\r\n<\/p>\r\n<p style=\"color: #ffffff;\">&#8212;<\/p>\r\n<p>\r\n\r\n<\/p>\r\n<h4 class=\"wp-block-heading\" style=\"text-align: center;\"><strong>Il 70% delle copie a colori nelle aziende \u00e8 un costo inutile e superfluo che pu\u00f2 essere eliminato!<\/strong><\/h4>\r\n<p>\r\n\r\n<\/p>\r\n<p style=\"color: #ffffff;\">&#8212;<\/p>\r\n<p>\r\n\r\n<\/p>\r\n<p class=\"has-regular-font-size has-very-dark-gray-color\" style=\"text-align: center;\"><span style=\"color: #000000;\">Con noi hai la possibilit\u00e0 di gestire il consumo di inchiostro per mezzo di sistemi di <strong>Print Management<\/strong>: fissando un numero standard di copie mensili, sia in B\/N che a colori, \u00e8 possibile ridurre gran parte dei costi e dei consumi, nonch\u00e9 sprechi.<\/span><br \/><span style=\"color: #000000;\">Le copie disponibili per la stampa ma non utilizzate, in pi\u00f9, non verranno perse, ma potranno essere utilizzate nei mesi seguenti.<\/span><\/p>\r\n<p>\r\n\r\n<\/p>\r\n<p style=\"color: #ffffff;\">\u00a0<\/p>\r\n<p>\r\n\r\n<\/p>\r\n<p class=\"has-regular-font-size has-very-dark-gray-color\" style=\"text-align: center;\"><span style=\"color: #000000;\">Oltre che gestire i consumi e gli sprechi, \u00e8 possibile beneficiare della soluzione di\u00a0<strong>locazione operativa<\/strong> che mettiamo a disposizione, sia del cliente che desidera una sola macchina, sia di chi necessita di un progetto pi\u00f9 importante.<\/span><\/p>\r\n<p><span style=\"color: #000000;\">\r\n\r\n<\/span><\/p>\r\n<p class=\"has-regular-font-size has-very-dark-gray-color\" style=\"text-align: center;\"><span style=\"color: #000000;\">Pagando un canone periodico, adattato alle esigenze, abitudini e possibilit\u00e0 economiche, si pu\u00f2 beneficiare, quindi, di una o pi\u00f9 stampanti efficienti e professionali per un certo numero di anni.\u00a0<\/span><\/p>\r\n<p><span style=\"color: #000000;\">\r\n\r\n<\/span><\/p>\r\n<p class=\"has-regular-font-size has-very-dark-gray-color\" style=\"text-align: center;\"><span style=\"color: #000000;\">Alla scadenza dell&#8217;accordo le possibilit\u00e0 di scelta sono svariate:\u00a0il cliente pu\u00f2 scegliere di restituire semplicemente il prodotto, prorogare il contratto, sostituire il bene previa trattativa o riscattarlo definitivamente.<\/span><\/p>\r\n<p>\r\n\r\n<\/p>\r\n<p style=\"color: #ffffff;\">&#8212;<\/p>\r\n<p>\r\n\r\n<\/p>\r\n<div class=\"wp-block-button aligncenter\"><a class=\"wp-block-button__link has-background\" style=\"background-color: #14007e;\" href=\"http:\/\/www.pucciufficio.com\/?page_id=4559\">MAGGIORI DETTAGLI SULLA LOCAZIONE OPERATIVA<\/a><\/div>\r\n<p>\r\n\r\n<\/p>\r\n<p style=\"color: #ffffff;\">&#8212;<\/p>\r\n<p>\r\n\r\n<\/p>\r\n<p class=\"has-regular-font-size has-very-dark-gray-color\" style=\"text-align: center;\"><span style=\"color: #000000;\">In pi\u00f9, grazie alla lunga esperienza maturata nel settore della stampa, i nostri specialisti garantiscono <strong>assistenza<\/strong> e <strong>sicurezza<\/strong> costante, sia sulla tecnologia a laser, sia su quella a getto d&#8217;inchiostro.<\/span><\/p>\r\n<p>\r\n\r\n<\/p>\r\n<hr class=\"wp-block-separator\" \/>\r\n<p>\r\n\r\n<\/p>\r\n<p style=\"color: #ffffff;\">&#8212;<\/p>\r\n<p>\r\n\r\n<\/p>\r\n<h4 class=\"wp-block-heading\" style=\"text-align: center;\"><strong>Per maggiori informazioni contattaci o\u00a0<\/strong><strong>vieni a trovarci.<\/strong><\/h4>\r\n<p>\r\n\r\n<\/p>\r\n<h4 class=\"wp-block-heading\" style=\"text-align: center;\">Tel. 075505921<\/h4>\r\n<p>\r\n\r\n<\/p>\r\n<h4 class=\"wp-block-heading\" style=\"text-align: center;\">Via A.Barteri 8, 06128 Perugia<\/h4>\r\n<p><\/p>\r\n<p>&nbsp;<\/p>\r\n<p>&nbsp;<\/p>","protected":false},"excerpt":{"rendered":"<p>Quello della stampa \u00e8 un processo molto antico, ma che giorno dopo giorno si aggiorna ed evolve, restando parte essenziale del sistema di un\u2019impresa. &nbsp; Noi di Pucciufficio offriamo le migliori soluzioni in materia, collaborando con 2 partner molto celebri: Epson e Lexmark. &#8212; &#8212; &#8212; &#8212; Mettiamo a disposizione, quindi, due tecnologie differenti tra [&hellip;]<\/p>\n","protected":false},"author":7,"featured_media":0,"parent":0,"menu_order":0,"comment_status":"closed","ping_status":"closed","template":"","meta":{"footnotes":""},"_links":{"self":[{"href":"https:\/\/www.pucciufficio.com\/index.php?rest_route=\/wp\/v2\/pages\/5075"}],"collection":[{"href":"https:\/\/www.pucciufficio.com\/index.php?rest_route=\/wp\/v2\/pages"}],"about":[{"href":"https:\/\/www.pucciufficio.com\/index.php?rest_route=\/wp\/v2\/types\/page"}],"author":[{"embeddable":true,"href":"https:\/\/www.pucciufficio.com\/index.php?rest_route=\/wp\/v2\/users\/7"}],"replies":[{"embeddable":true,"href":"https:\/\/www.pucciufficio.com\/index.php?rest_route=%2Fwp%2Fv2%2Fcomments&post=5075"}],"version-history":[{"count":0,"href":"https:\/\/www.pucciufficio.com\/index.php?rest_route=\/wp\/v2\/pages\/5075\/revisions"}],"wp:attachment":[{"href":"https:\/\/www.pucciufficio.com\/index.php?rest_route=%2Fwp%2Fv2%2Fmedia&parent=5075"}],"curies":[{"name":"wp","href":"https:\/\/api.w.org\/{rel}","templated":true}]}}